46048.
2, 31, 46747
What are the prime factors of 53002218?
2, 3, 8833703
List the prime factors of 46763068.
2, 11, 1062797
List the prime factors of 14303925.
3, 5, 21191
What are the prime factors of 128775782?
2, 17, 3787523
List the prime factors of 8584763.
11, 780433
What are the prime factors of 37061515?
5, 149, 49747
What are the prime factors of 191170767?
3, 61, 311, 3359
What are the prime factors of 43527276?
2, 3, 13, 17, 5471
What are the prime factors of 413178973?
413178973
What are the prime factors of 6995043?
3, 11, 70657
List the prime factors of 77677358.
2, 11, 19, 185831
What are the prime factors of 50712832?
2, 198097
What are the prime factors of 7850724974?
2, 3925362487
What are the prime factors of 67359046?
2, 33679523
List the prime factors of 502364765.
5, 7, 31, 139, 3331
What are the prime factors of 98777218?
2, 1459, 33851
What are the prime factors of 515948071?
5347, 96493
List the prime factors of 3644640525.
3, 5, 48595207
List the prime factors of 171306111.
3, 57102037
What are the prime factors of 992268941?
2441, 406501
What are the prime factors of 989131282?
2, 307, 1610963
What are the prime factors of 29669637?
3, 1699, 5821
List the prime factors of 739475495.
5, 11, 29, 157, 2953
List the prime factors of 464926949.
10993, 42293
List the prime factors of 225549907.
11, 29, 707053
What are the prime factors of 318582938?
2, 159291469
What are the prime factors of 215185791?
3, 71728597
What are the prime factors of 442393072?
2, 11, 751, 3347
What are the prime factors of 250607825?
5, 13, 61, 12641
What are the prime factors of 112703396?
2, 13, 29, 5749
List the prime factors of 171041775.
3, 5, 421, 5417
What are the prime factors of 6939449239?
6939449239
What are the prime factors of 3996972?
2, 3, 7, 17, 311
List the prime factors of 335030270.
2, 5, 41, 817147
What are the prime factors of 340997700?
2, 3, 5, 1136659
What are the prime factors of 49136629?
37, 1328017
List the prime factors of 143997090.
2, 3, 5, 103, 46601
List the prime factors of 130701551.
19, 53, 129793
List the prime factors of 72108350.
2, 5, 331, 4357
What are the prime factors of 163514743?
7, 97, 281, 857
List the prime factors of 210299020.
2, 5, 10514951
List the prime factors of 214382930.
2, 5, 179, 229, 523
What are the prime factors of 1572606005?
5, 37, 8500573
List the prime factors of 173745040.
2, 5, 7, 449, 691
What are the prime factors of 49180795?
5, 9836159
List the prime factors of 197678242.
2, 19, 199, 26141
List the prime factors of 55111586.
2, 17, 1620929
List the prime factors of 23367604.
2, 13, 571, 787
What are the prime factors of 1177928080?
2, 5, 7, 31, 67853
What are the prime factors of 26101586?
2, 7, 1864399
List the prime factors of 65404970.
2, 5, 677, 9661
What are the prime factors of 713481499?
43, 677, 24509
What are the prime factors of 468295331?
7, 31, 59, 79, 463
List the prime factors of 291001876.
2, 11, 89, 74311
List the prime factors of 68414824.
2, 8551853
List the prime factors of 5798559696.
2, 3, 269, 449083
List the prime factors of 24385492.
2, 6096373
What are the prime factors of 331637848?
2, 41, 1011091
List the prime factors of 43814449.
7, 67, 103, 907
What are the prime factors of 1005993082?
2, 502996541
List the prime factors of 369005300.
2, 5, 3690053
What are the prime factors of 795976159?
11, 17, 73, 58309
List the prime factors of 130526459.
7, 17, 1096861
List the prime factors of 102255773.
4751, 21523
What are the prime factors of 4903273155?
3, 5, 11, 137, 216911
List the prime factors of 425547523.
163, 2610721
What are the prime factors of 71782176?
2, 3, 747731
What are the prime factors of 47011449?
3, 83, 188801
What are the prime factors of 2350277135?
5, 277, 1696951
List the prime factors of 333428885.
5, 66685777
List the prime factors of 2549449189.
7, 29, 61, 205883
List the prime factors of 206016066.
2, 3, 1753, 6529
List the prime factors of 4409890623.
3, 489987847
List the prime factors of 18641970.
2, 3, 5, 103, 2011
List the prime factors of 5104033.
11, 464003
List the prime factors of 795355117.
795355117
List the prime factors of 25766488.
2, 11, 292801
List the prime factors of 145211523.
3, 48403841
List the prime factors of 155980225.
5, 6239209
List the prime factors of 572793039.
3, 7, 13, 25903
List the prime factors of 37184300.
2, 5, 371843
What are the prime factors of 347960327?
11, 13, 619, 3931
List the prime factors of 183233827.
7, 199, 661
What are the prime factors of 2786970496?
2, 21773207
What are the prime factors of 15780899?
199, 79301
List the prime factors of 22288607.
11, 59, 61, 563
What are the prime factors of 69803704?
2, 8725463
What are the prime factors of 106403109?
3, 1511, 23473
List the prime factors of 99888626.
2, 227, 220019
What are the prime factors of 273660903?
3, 10135589
What are the prime factors of 456834313?
13, 47, 179, 4177
List the prime factors of 3892936366.
2, 11, 176951653
What are the prime factors of 19439443?
19439443
List the prime factors of 338549373.
3, 17, 139, 15919
What are the prime factors of 976869824?
2, 7, 439, 4967
List the prime factors of 448506362.
2, 19, 11802799
List the prime factors of 33356837.
19, 31, 56633
What are the prime factors of 2131359361?
269, 7923269
What are the prime factors of 550580056?
2, 13, 107, 49477
What are the prime factors of 1426704910?
2, 5, 569, 250739
What are the prime factors of 721082379?
3, 6691, 35923
What are the prime factors of 101123322?
2, 3, 887, 19001
List the prime factors of 100798789.
7, 13, 1107679
List the prime factors of 322707549.
3, 17, 23, 103, 2671
What are the prime factors of 222544883?
11, 251, 80603
List the prime factors of 720205898.
2, 7759, 46411
What are the prime factors of 1049316639?
3, 7, 1481, 33739
List the prime factors of 3183260513.
19, 23, 31, 234979
List the prime factors of 211365550.
2, 5, 11, 384301
List the prime factors of 55294018.
2, 13, 31, 2213
What are the prime factors of 810319850?
2, 5, 31, 522787
List the prime factors of 1230893314.
2, 7, 67, 547, 2399
List the prime factors of 4194998686.
2, 2097499343
List the prime factors of 423525495.
3, 5, 37, 109, 7001
What are the prime factors of 1653671891?
199, 8309909
What are the prime factors of 128743583?
127, 1013729
What are the prime factors of 345705649?
139, 2487091
What are the prime factors of 49994097?
3, 3319, 5021
List the prime factors of 462775123.
2003, 231041
List the prime factors of 552659011.
552659011
List the prime factors of 15411409.
13, 1185493
List the prime factors of 70912320.
2, 3, 5, 73867
List the prime factors of 489682926.
2, 3, 17, 23, 41, 1697
List the prime factors of 110913014.
2, 55456507
What are the prime factors of 1742991917?
443, 3934519
What are the prime factors of 588526835?
5, 13, 9054259
List the prime factors of 200355075.
3, 5, 890467
What are the prime factors of 141031135?
5, 7, 4029461
What are the prime factors of 35517611?
35517611
List the prime factors of 3823945.
5, 764789
List the prime factors of 42444950.
2, 5, 157, 5407
List the prime factors of 3120399957.
3, 131, 7939949
What are the prime factors of 52244298?
2, 3, 17, 56911
List the prime factors of 3070233273.
3, 31, 61, 541201
List the prime factors of 336503762.
2, 7, 29, 643, 1289
What are the prime factors of 26269675?
5, 17, 113, 547
List the prime factors of 109141960.
2, 5, 2728549
What are the prime factors of 40665627?
3, 29, 37, 4211
List the prime factors of 854888596.
2, 213722149
List the prime factors of 2662232505.
3, 5, 3527, 50321
What are the prime factors of 990193697?
47, 21067951
What are the prime factors of 300342605?
5, 5153, 11657
List the prime factors of 238614437.
238614437
What are the prime factors of 249303769?
11, 13, 19, 91757
What are the prime factors of 1748448733?
1748448733
List the prime factors of 6127968722.
2, 3063984361
What are the prime factors of 729948505?
5, 11, 13, 1020907
List the prime factors of 5007109231.
29, 172658939
List the prime factors of 105002382.
2, 3, 233, 75109
What are the prime factors of 342656343?
3, 149, 255523
What are the prime factors of 2388449713?
13, 47, 3909083
What are the prime factors of 488694100?
2, 5, 4886941
